, 36637
List the prime factors of 979245018.
2, 3, 359, 50513
List the prime factors of 2859491723.
11, 23632163
What are the prime factors of 234316935?
3, 5, 1735681
List the prime factors of 69126857.
69126857
What are the prime factors of 931656964?
2, 7, 59, 547, 1031
List the prime factors of 631611308.
2, 163, 968729
What are the prime factors of 2491458991?
7, 29, 521, 23557
What are the prime factors of 179985806?
2, 7, 11, 13, 743
What are the prime factors of 173274786?
2, 3, 97, 99241
What are the prime factors of 213160640?
2, 5, 7, 11, 41, 211
What are the prime factors of 89586614?
2, 13, 3445639
What are the prime factors of 420543886?
2, 7, 30038849
List the prime factors of 37861125.
3, 5, 17, 5939
List the prime factors of 3389900225.
5, 37, 97, 37781
List the prime factors of 4757344.
2, 148667
What are the prime factors of 2003267585?
5, 11, 31, 41, 28657
What are the prime factors of 304074939?
3, 7, 31, 53, 1259
List the prime factors of 696196441.
41, 251, 67651
List the prime factors of 467530563.
3, 155843521
What are the prime factors of 792010959?
3, 47, 53, 105983
What are the prime factors of 1545549221?
199, 743, 10453
What are the prime factors of 579694563?
3, 7, 1022389
What are the prime factors of 82427393?
4253, 19381
What are the prime factors of 477080717?
137, 3482341
What are the prime factors of 86803600?
2, 5, 13, 16693
List the prime factors of 693839867.
7, 99119981
List the prime factors of 4718679640.
2, 5, 19, 269, 23081
List the prime factors of 1226813584.
2, 19, 173, 23327
What are the prime factors of 1209213786?
2, 3, 11, 137, 133733
List the prime factors of 4828258437.
3, 1609419479
What are the prime factors of 68461563?
3, 47, 485543
List the prime factors of 1628330091.
3, 17, 31928041
List the prime factors of 614387409.
3, 204795803
List the prime factors of 2220630058.
2, 1110315029
List the prime factors of 2962201401.
3, 8779, 12497
List the prime factors of 192947460.
2, 3, 5, 23, 6079
What are the prime factors of 253279?
13, 19483
List the prime factors of 19369398.
2, 3, 19, 131, 1297
List the prime factors of 2993464101.
3, 131, 7616957
What are the prime factors of 639130298?
2, 229, 1395481
List the prime factors of 46606004.
2, 23, 67, 7561
What are the prime factors of 123874317?
3, 7, 1966259
What are the prime factors of 139724785?
5, 17, 1643821
List the prime factors of 1193868591.
3, 19, 227, 92269
What are the prime factors of 73331216?
2, 7, 654743
List the prime factors of 28395571.
28395571
What are the prime factors of 419158045?
5, 241, 347849
What are the prime factors of 170352508?
2, 73, 239, 2441
List the prime factors of 1114644332.
2, 313, 890291
What are the prime factors of 306540809?
109, 2812301
What are the prime factors of 89646787?
41, 43, 50849
List the prime factors of 510565856.
2, 1109, 14387
What are the prime factors of 145143357?
3, 181, 267299
List the prime factors of 11492495.
5, 7, 328357
What are the prime factors of 144243447?
3, 48081149
What are the prime factors of 1335583543?
7, 569, 47903
List the prime factors of 221012252.
2, 55253063
List the prime factors of 111414612.
2, 3, 179, 51869
List the prime factors of 625963660.
2, 5, 7, 101, 44269
List the prime factors of 93279519.
3, 1151599
List the prime factors of 25471513.
25471513
What are the prime factors of 1192723237?
1192723237
What are the prime factors of 721652297?
721652297
List the prime factors of 1128081201.
3, 13, 28925159
List the prime factors of 4468700.
2, 5, 44687
What are the prime factors of 18514163?
18514163
List the prime factors of 827367224.
2, 23, 577, 7793
What are the prime factors of 1534937533?
523, 2934871
List the prime factors of 60100687.
60100687
List the prime factors of 3087773514.
2, 3, 7, 223, 5233
What are the prime factors of 7209557?
23, 167, 1877
List the prime factors of 666246452.
2, 166561613
List the prime factors of 838839507.
3, 11, 89, 285611
List the prime factors of 149835703.
61, 2456323
List the prime factors of 3624732.
2, 3, 107, 941
List the prime factors of 1905730.
2, 5, 190573
List the prime factors of 4832000786.
2, 2416000393
List the prime factors of 865688186.
2, 11, 37, 41, 25939
What are the prime factors of 5936956714?
2, 13, 19, 251, 47881
What are the prime factors of 18352550?
2, 5, 283, 1297
List the prime factors of 25881606.
2, 3, 159763
What are the prime factors of 320043524?
2, 19, 4211099
What are the prime factors of 37423212?
2, 3, 3118601
What are the prime factors of 242220618?
2, 3, 71, 21059
List the prime factors of 4502333.
11, 41, 67, 149
What are the prime factors of 1027969523?
7, 8689, 16901
What are the prime factors of 57515638?
2, 2467, 11657
List the prime factors of 477643999.
7, 59, 1156523
What are the prime factors of 1077935357?
257, 4194301
What are the prime factors of 147509542?
2, 73754771
What are the prime factors of 47526096?
2, 3, 23, 43049
List the prime factors of 2180513166.
2, 3, 13, 521, 53657
What are the prime factors of 252839221?
252839221
List the prime factors of 2947928969.
2947928969
What are the prime factors of 1100213664?
2, 3, 11, 1041869
List the prime factors of 878262789.
3, 17, 17220839
List the prime factors of 72783035.
5, 13, 17, 65867
List the prime factors of 116683626.
2, 3, 19447271
What are the prime factors of 65238175?
5, 41, 63647
List the prime factors of 226971911.
61, 3720851
What are the prime factors of 106893413?
11, 173, 56171
What are the prime factors of 6979735?
5, 7, 47, 4243
What are the prime factors of 316932018?
2, 3, 13, 1567, 2593
What are the prime factors of 233221598?
2, 116610799
What are the prime factors of 1110120389?
7, 158588627
List the prime factors of 1858461912.
2, 3, 25811971
What are the prime factors of 329108287?
17, 131, 8693
What are the prime factors of 3570897114?
2, 3, 2311, 85843
List the prime factors of 93322418.
2, 7, 17, 392111
List the prime factors of 73911769.
97, 761977
List the prime factors of 10942671.
3, 59, 211, 293
What are the prime factors of 44332261?
44332261
List the prime factors of 34510032.
2, 3, 47, 5099
List the prime factors of 2197073213.
2197073213
What are the prime factors of 48591139?
48591139
What are the prime factors of 497895090?
2, 3, 5, 7, 11, 67, 3217
What are the prime factors of 174935939?
101, 1732039
What are the prime factors of 929452957?
503, 1277, 1447
List the prime factors of 1149430417.
509, 2258213
What are the prime factors of 2892649564?
2, 7, 311, 332183
List the prime factors of 21058850.
2, 5, 421177
List the prime factors of 254632749.
3, 7, 17, 167, 4271
List the prime factors of 98895801.
3, 73, 451579
List the prime factors of 247067581.
137, 317, 5689
List the prime factors of 295140438.
2, 3, 619, 26489
List the prime factors of 44310763.
7, 6330109
What are the prime factors of 177284339?
177284339
List the prime factors of 52989877.
53, 999809
What are the prime factors of 763275661?
109, 7002529
List the prime factors of 949223064.
2, 3, 23, 1719607
What are the prime factors of 98739029?
19, 41, 126751
List the prime factors of 6118599643.
13, 470661511
List the prime factors of 26385992.
2, 757, 4357
What are the prime factors of 2889241920?
2, 3, 5, 334403
List the prime factors of 400059396.
2, 3, 11, 91841
List the prime factors of 2325055464.
2, 3, 23, 197, 7127
What are the prime factors of 50765323?
7, 1036027
List the prime factors of 171544877.
7, 47, 607, 859
List the prime factors of 20363388.
2, 3, 41, 41389
List the prime factors of 795663504.
2, 3, 61, 239, 379
What are the prime factors of 834296313?
3, 37, 7516183
List the prime factors of 206430617.
206430617
List the prime factors of 101364035.
5, 151, 134257
What are the prime factors of 55057159?
6689, 8231
List the prime factors of 511736575.
5, 7, 2924209
What are the prime factors of 524509346?
2, 12203, 21491
List the prime factors of 50227139.
43, 73, 16001
List the prime factors of 28578986.
2, 2609, 5477
List the prime factors of 525793883.
31, 173, 98041
What are the prime factors of 114201644?
2, 31, 53, 17377
What are the prime factors of 129144902?
2, 103, 626917
What are the prime factors of 2899792509?
3, 109, 167, 53101
What are the prime factors of 1